*n. Calculate the highest common divisor of y and z.
7
Suppose -8*k = -10*k + 110. What is the highest common divisor of 11 and k?
11
Let c = -25 + 105. Calculate the highest common divisor of 10 and c.
10
Let a(y) = -y**3 + 5*y**2 - 2*y - 5. Let j(z) = 3*z + 1. Let v be j(1). Let i be a(v). Let x be 21 + (3/i - 4). What is the highest common divisor of 9 and x?
9
Suppose -4*y + 6 = -2*y. Suppose y*p + 54 = 9*p. What is the greatest common divisor of 9 and p?
9
Suppose 11 = 2*y + 2*p - 35, -3*y + 57 = -3*p. Calculate the highest common divisor of 14 and y.
7
Let p(h) = h**3 + 4*h**2 - 3*h + 1. Let q be p(-5). Let a be 2 + 27*(-6)/q. Let f = 47 - a. What is the highest common divisor of f and 18?
9
Let j = 9 - 42. Let g = -19 - j. Let k = 1 - -111. Calculate the highest common divisor of g and k.
14
Let y(x) = 5*x - 2. Let k(n) = -14*n + 5. Let v(i) = 4*k(i) + 11*y(i). Let p be v(-4). Calculate the highest common divisor of p and 4.
2
Suppose 415 = -5*a - 3*d, 3*d + 248 = -3*a + d. Let n be 4/2 - 1*a. Calculate the highest common divisor of 11 and n.
11
Suppose 0 = -3*j + 12, -v = -4*j + j + 20. Let x = -5 - v. Suppose 0 = x*n - 0*n - 72. What is the greatest common divisor of n and 3?
3
Suppose -3*w = -2*c + 70 + 14, 5*c + 3*w - 231 = 0. What is the highest common divisor of 5 and c?
5
Let x(z) = -z**2 + 12*z - 15. Let a be x(10). Suppose 48 = -b + a*b. Suppose -2*t = 5*v - 0*t - 414, -3 = t. What is the highest common factor of b and v?
12
Let l be (0 - 1)/((-1)/5). Let g = l + -1. Suppose -4*d - m + 12 = 0, 4*d - g*m - 12 = m. Calculate the greatest common factor of d and 9.
3
Let b = -171 - -269. Calculate the greatest common divisor of 14 and b.
14
Suppose -4*p + 4 = -16. Let h(k) = -6 + p*k + 2 - 3. Let z be h(8). What is the greatest common divisor of z and 3?
3
Let a = 42 - -30. Suppose -2*c + 6*c = a. What is the greatest common factor of 108 and c?
18
Suppose z + 0 = 2*q - 5, -2*q + 20 = 4*z. Let g be z - -1*(-3)/(-3). Let i be 145/g + (-2)/8. What is the greatest common divisor of 18 and i?
18
Suppose 3*c = -c - 3*a + 32, 3*c - 2*a = 7. Calculate the greatest common divisor of 35 and c.
5
Let y = 18 + -12. Suppose 5*p = 2*d - 29, 0 = -3*d + p + 4*p + 41. Calculate the highest common divisor of y and d.
6
Let h be 8/6*81/6. Suppose 2*z + z - 2*m = 87, 5*z + m - 132 = 0. What is the highest common factor of z and h?
9
Let k be 4/6 + 8*(-11)/(-3). What is the greatest common factor of 330 and k?
30
Let a = 5 - 6. Let d be (-15)/a + (0 - 2). Let p = -5 + d. What is the highest common factor of p and 4?
4
Let x = -36 - -56. Let q = 21 - 16. Calculate the highest common factor of q and x.
5
Suppose 2*b - 2 = f + 2, 3*b = 0. Let r be f/12*0 + 30. Let t = -13 - -33. Calculate the highest common factor of t and r.
10
Suppose y = 3*y - 40. What is the greatest common divisor of y and 20?
20
Let j = -20 - -38. Calculate the greatest common factor of j and 18.
18
Let v be 0/2 - (1 - 50). Let d = 3 + v. Calculate the highest common divisor of 13 and d.
13
Suppose -2*k + 6*k = 16. Suppose 2*a = -g - g - 2, -a = -5*g + 13. Let i = a + k. What is the greatest common divisor of 5 and i?
1
Let w = -2 + 1. Let u be (0 - w)/(1/2). What is the highest common divisor of u and 22?
2
Let u(p) = 133*p + 1. Let w be u(-1). Let y be 2/7 - w/77. Let k be 1111/121 - y/11. Calculate the greatest common divisor of k and 9.
9
Suppose -7*y + 28 = -3*y. Let u(o) = o**2 - 8*o + 10. Let p be u(y). Let v be (-4)/6 + 56/p. Calculate the highest common factor of v and 36.
18
Suppose 2*l + 2*l = 0. Suppose -3*o - o - y - 1 = l, -y = 3*o + 1. Suppose o*m = 5*m - 360. What is the highest common divisor of m and 9?
9
Suppose -5*j + 160 = -0*j. Let a = 5 + 3. Calculate the highest common divisor of a and j.
8
Let f = 13 - 12. What is the highest common factor of 2 and f?
1
Let a(h) = 0*h**3 + h**3 - 2*h**3 - 2*h**2 - h + 2*h. Suppose 3*b = b - 6. Let j be a(b). Calculate the highest common divisor of 42 and j.
6
Let a = 1 - 9. Suppose p - 12 + 2 = 0. Let f = p - a. Calculate the greatest common factor of 27 and f.
9
Suppose -4*o + 4*d = -64, -2*o + 3*d = -4*o + 22. Calculate the highest common factor of 42 and o.
14
Let l be (41/2)/((-2)/(-4)). Suppose 5*m - l = 79. What is the highest common divisor of 36 and m?
12
Let t be (-5)/25 - (362/10)/(-1). Calculate the greatest common factor of 288 and t.
36
Let z(h) = h**2 + 8*h + 2. Let r be z(-8). Let d(x) = -2*x**3 - x**2 - x - 1. Let y be d(-1). What is the highest common factor of y and r?
1
Let b be (-12)/(9/(-6) + 0). Let w be (-6)/24 - (-26)/b. Suppose -w*y = 5*g - 4, 0*y - 12 = -y + g. What is the highest common divisor of y and 4?
4
Let o = 12 - 8. Calculate the greatest common factor of o and 36.
4
Let t(g) = g**3 + 9*g**2 + 7. Let x be t(-9). Let q(l) = -l**3 + 8*l**2 - 9*l + 15. Let d be q(x). Calculate the greatest common factor of 5 and d.
1
Let d(f) = -f**2 + 9*f - 2. Let h(o) = o. Let p(l) = d(l) - 2*h(l). Let v be p(3). Calculate the greatest common divisor of v and 40.
10
Suppose -3*q + 8*q = -3*k + 10, -4*k - 8 = -4*q. Let y be (-4 + 3 - -18)*q. What is the greatest common divisor of 85 and y?
17
Suppose 3*s - b = 3, -b + 1 = s - 0*b. Let m(x) = -1 - 3 + 3 + x + 2. Let f be m(4). Calculate the highest common divisor of f and s.
1
Suppose -7*j = -3*j - 56. Calculate the highest common divisor of 14 and j.
14
Suppose 5*i = 336 - 36. Let j = 2 + 2. Let v be j/10 - 146/(-10). Calculate the greatest common divisor of i and v.
15
Let m be (90 - 1*-2) + -1. Let t be (26/(-5))/(16/(-40)). What is the greatest common divisor of m and t?
13
Suppose -149 = -5*j + 446. What is the greatest common factor of j and 17?
17
Let r = 284 + -144. What is the greatest common factor of r and 20?
20
Let a be ((-13)/(-2))/(((-49)/(-28))/7). Calculate the greatest common divisor of 143 and a.
13
Let v be (6*1)/(9/6). Let c = 9 - v. Suppose -5*x - c*m = -380, -2*m - 2*m = x - 79. What is the greatest common factor of x and 15?
15
Let i(n) = n**2 - 5*n - 11. Let p = 7 + 2. Let t be i(p). What is the highest common divisor of t and 10?
5
Suppose -2*m - p = -2, 3*m - 4*p - 5 = -2*m. What is the greatest common factor of 11 and m?
1
Let i(q) = -q**3 + 7*q**2 - q - 3. Let w be i(3). What is the greatest common divisor of 15 and w?
15
Let u(t) = t**3 + 12*t**2 - 2*t - 15. Let j be u(-12). Calculate the greatest common divisor of j and 18.
9
Let y = -59 + 86. Calculate the greatest common divisor of y and 9.
9
Let u(x) = -2*x**2 + x. Let n be u(-1). Let z(t) = -8*t. Let g be z(n). What is the highest common divisor of g and 264?
24
Suppose 0*l - 5 = l + 5*t, -3*t = 3. Suppose -2*o - o + 27 = l. Calculate the highest common factor of o and 63.
9
Let b = -43 + 54. What is the highest common divisor of 121 and b?
11
Let d be (8/(-5))/((-4)/130). Let w(c) = -2*c - 3. Let v be w(-8). What is the highest common divisor of d and v?
13
Let x(v) = v**2 - 5. Let p(m) = -m**3 + 9*m**2 + 2*m - 3. Let b be p(9). Suppose 0*l = 3*l + b. Let k be x(l). What is the highest common factor of k and 50?
10
Let x be (-152)/5 + 6/15. Let f be x/(2 - (7 + -3)). Let y = f + -8. Calculate the highest common factor of y and 7.
7
Suppose -194 = 6*k - 1538. Calculate the greatest common divisor of 28 and k.
28
Let d = 1 + -1. Suppose -a - 3*q - 4 = d, 2*a + q = -3*a + 22. Let g be ((-6)/a)/(5/(-150)). Calculate the greatest common divisor of g and 12.
12
Let o = -148 + 153. Calculate the greatest common divisor of o and 4.
1
Let t = 343 + -219. What is the greatest common factor of t and 4?
4
Suppose 14*o - 19*o + 720 = 0. Calculate the highest common factor of 6 and o.
6
Let j = -38 - -113. Calculate the greatest common factor of j and 15.
15
Suppose -2*a + a + 128 = 5*z, 4*a - 529 = -3*z. Calculate the greatest common divisor of a and 19.
19
Suppose 0 = -7*k + 3*k + 12. Suppose -4*a + 66 = j, a - 2*a = k*j - 22. Calculate the greatest common factor of 176 and a.
16
Let u be 2460/(-10)*(-2 + (-1)/(-2)). What is the greatest common divisor of 41 and u?
41
Let u = -26 - -32. Let a = -4 - -6. Let y be (1/a + -1)*-36. Calculate the highest common factor of y and u.
6
Let i(w) = 0 + w + 0*w - 8. Let m be i(6). Let n be (m/(-3))/((-2)/(-12)). What is the greatest common di